by 68?
63
Calculate the remainder when 13943 is divided by 79.
39
What is the remainder when 1222995 is divided by 111?
108
What is the remainder when 297625 is divided by 151?
4
Calculate the remainder when 203425 is divided by 154.
145
Calculate the remainder when 13990 is divided by 159.
157
Calculate the remainder when 82994 is divided by 328.
10
Calculate the remainder when 40444 is divided by 242.
30
What is the remainder when 140 is divided by 47?
46
Calculate the remainder when 27176 is divided by 127.
125
Calculate the remainder when 90620 is divided by 45299.
22
What is the remainder when 3423 is divided by 81?
21
What is the remainder when 25005 is divided by 2046?
453
What is the remainder when 5583 is divided by 140?
123
What is the remainder when 1506729 is divided by 118?
105
What is the remainder when 16511 is divided by 8?
7
What is the remainder when 45184 is divided by 325?
9
Calculate the remainder when 2496 is divided by 415.
6
What is the remainder when 1399 is divided by 8?
7
What is the remainder when 2308 is divided by 76?
28
What is the remainder when 10180 is divided by 76?
72
Calculate the remainder when 17614 is divided by 8804.
6
Calculate the remainder when 15632 is divided by 3765.
572
What is the remainder when 8175 is divided by 295?
210
Calculate the remainder when 17095 is divided by 1406.
223
Calculate the remainder when 11824 is divided by 175.
99
What is the remainder when 14144 is divided by 42?
32
What is the remainder when 261 is divided by 123?
15
Calculate the remainder when 4583 is divided by 4.
3
Calculate the remainder when 2286 is divided by 598.
492
Calculate the remainder when 1440 is divided by 132.
120
What is the remainder when 6956 is divided by 582?
554
Calculate the remainder when 174560 is divided by 42.
8
What is the remainder when 43671 is divided by 326?
313
What is the remainder when 21751 is divided by 7242?
25
What is the remainder when 645837 is divided by 117?
114
Calculate the remainder when 312861 is divided by 312860.
1
What is the remainder when 758019 is divided by 252670?
9
What is the remainder when 23649 is divided by 18?
15
Calculate the remainder when 189168 is divided by 845.
733
Calculate the remainder when 170280 is divided by 202.
196
Calculate the remainder when 36149 is divided by 18062.
25
What is the remainder when 2389 is divided by 1918?
471
What is the remainder when 5514 is divided by 425?
414
What is the remainder when 118348 is divided by 15?
13
Calculate the remainder when 12122 is divided by 1633.
691
Calculate the remainder when 470 is divided by 236.
234
What is the remainder when 21789 is divided by 69?
54
What is the remainder when 3085 is divided by 1261?
563
Calculate the remainder when 29216 is divided by 103.
67
What is the remainder when 38441 is divided by 5484?
53
What is the remainder when 9057 is divided by 38?
13
What is the remainder when 42971 is divided by 75?
71
Calculate the remainder when 2702 is divided by 5.
2
Calculate the remainder when 76253 is divided by 431.
397
Calculate the remainder when 30813 is divided by 16.
13
What is the remainder when 31248 is divided by 1495?
1348
Calculate the remainder when 33380 is divided by 106.
96
Calculate the remainder when 3272 is divided by 75.
47
Calculate the remainder when 4880 is divided by 1561.
197
What is the remainder when 13153 is divided by 808?
225
What is the remainder when 16974 is divided by 898?
810
Calculate the remainder when 462203 is divided by 118.
115
Calculate the remainder when 5063 is divided by 1667.
62
What is the remainder when 146734 is divided by 116?
110
What is the remainder when 452777 is divided by 721?
710
Calculate the remainder when 48182 is divided by 330.
2
Calculate the remainder when 6675 is divided by 835.
830
Calculate the remainder when 187640 is divided by 171.
53
Calculate the remainder when 2174 is divided by 667.
173
Calculate the remainder when 14817 is divided by 15.
12
Calculate the remainder when 359762 is divided by 796.
766
What is the remainder when 1840 is divided by 168?
160
Calculate the remainder when 23518 is divided by 291.
238
Calculate the remainder when 396647 is divided by 45.
17
Calculate the remainder when 18460 is divided by 1318.
8
Calculate the remainder when 207 is divided by 3.
0
Calculate the remainder when 29675 is divided by 29652.
23
What is the remainder when 467227 is divided by 129?
118
Calculate the remainder when 12668 is divided by 33.
29
Calculate the remainder when 96879 is divided by 157.
10
Calculate the remainder when 90459 is divided by 290.
269
What is the remainder when 32000 is divided by 75?
50
Calculate the remainder when 10006 is divided by 358.
340
What is the remainder when 3228 is divided by 52?
4
Calculate the remainder when 9932 is divided by 91.
13
What is the remainder when 29433 is divided by 52?
1
Calculate the remainder when 22679 is divided by 2263.
49
What is the remainder when 33453 is divided by 35?
28
What is the remainder when 25085 is divided by 456?
5
Calculate the remainder when 21366 is divided by 475.
466
What is the remainder when 2399262 is divided by 463?
459
Calculate the remainder when 940237 is divided by 1549.
1543
What is the remainder when 286295 is divided by 2347?
2308
What is the remainder when 9008 is divided by 221?
168
Calculate the remainder when 4916312 is divided by 17.
14
What is the remainder when 62429 is divided by 62?
57
Calculate the remainder when 3141 is divided by 32.
5
What is the remainder when 283020 is divided by 913?
903
Calculate the remainder when 13424 is divided by 9.
5
What is the remainder when 63864 is divided by 183?
180
What is the remainder when 40793 is divided by 3134?
51
Calculate the remainder when 3265 is divided by 2.
1
Calculate the remainder when 770398 is divided by 288.
286
Calculate the remainder when 32276 is divided by 49.
34
Calculate the remainder when 43449 is divided by 43.
19
Calculate the remainder when 71346 is divided by 7.
2
What is the remainder when 3673 is divided by 900?
73
Calculate the remainder when 2476 is divided by 241.
66
What is the remainder when 86 is divided by 55?
31
Calculate the remainder when 13702 is divided by 17.
0
What is the remainder when 66898 is divided by 100?
98
Calculate the remainder when 118950 is divided by 183.
0
Calculate the remainder when 44189 is divided by 45.
44
What is the remainder when 20792 is divided by 20768?
24
Calculate the remainder when 685958 is divided by 18.
14
Calculate the remainder when 4202 is divided by 4094.
108
What is the remainder when 1264 is divided by 88?
32
What is the remainder when 1356598 is divided by 714?
712
Calculate the remainder when 14548 is divided by 4451.
1195
Calculate the remainder when 12788 is divided by 25.
13
Calculate the remainder when 13374 is divided by 170.
114
Calculate the remainder when 367013 is divided by 569.
8
What is the remainder when 5392 is divided by 673?
8
What is the remainder when 29371 is divided by 3671?
3
What is the remainder when 4126 is divided by 101?
86
Calculate the remainder when 76876 is divided by 241.
238
Calculate the remainder when 10592 is divided by 5272.
48
Calculate the remainder when 394 is divided by 301.
93
What is the remainder when 4715 is divided by 173?
44
What is the remainder when 6815 is divided by 3288?
239
What is the remainder when 1590 is divided by 360?
150
Calculate the remainder when 39309 is divided by 39.
36
What is the remainder when 306133 is divided by 153062?
9
What is the remainder when 24356 is divided by 1304?
884
What is the remainder when 516603 is divided by 81?
66
What is the remainder when 22694 is divided by 3081?
1127
What is the remainder when 5410 is divided by 343?
265
Calculate the remainder when 79030 is divided by 163.
138
What is the remainder when 1782 is divided by 55?
22
Calculate the remainder when 17791 is divided by 4441.
27
What is the remainder when 8290 is divided by 19?
6
Calculate the remainder when 67554 is divided by 13510.
4
Calculate the remainder when 61334 is divided by 82.
80
What is the remainder when 4983 is divided by 141?
48
What is the remainder when 13429 is divided by 12447?
982
What is the remainder when 9853 is divided by 32